{"id":12655,"date":"2025-06-16T14:41:55","date_gmt":"2025-06-16T14:41:55","guid":{"rendered":"https:\/\/www.gierrescale.com\/prodotti\/rampe-di-carico-fisse-professionali-gierrepro-2\/"},"modified":"2026-01-26T16:17:45","modified_gmt":"2026-01-26T16:17:45","slug":"rampe-di-carico-fisse-professionali-gierrepro-2-2","status":"publish","type":"prodotti","link":"https:\/\/www.gierrescale.com\/fr\/prodotti\/rampe-di-carico-fisse-professionali-gierrepro-2-2\/","title":{"rendered":"Rampe di carico fisse professionali GIERREPRO"},"content":{"rendered":"","protected":false},"excerpt":{"rendered":"<p>Rampa di carico fissa GierrePro in <strong>alluminio<\/strong>.<\/p>\n<p>La struttura \u00e8 in alluminio ad alta resistenza, bugnatura antiscivolo.<\/p>\n<p>La testa della rampa ha un foro centrale per dare la possibilit\u00e0 di fissarla al veicolo, la coda della rampa \u00e8 con profilo triangolare per un&rsquo;idonea inclinazione.<\/p>\n","protected":false},"featured_media":8061,"template":"","meta":{"_acf_changed":false,"portata_max":0,"pioli":0,"gradini":0},"utilizzo":[],"materiale":[1033,1060],"certificazione":[1041,1068],"tipo_prodotto":[],"class_list":["post-12655","prodotti","type-prodotti","status-publish","has-post-thumbnail","hentry","materiale-alluminio-it","materiale-aluminium-fr","certificazione-tuv-rheinland-it","certificazione-tuv-rheinland-fr"],"acf":[],"yoast_head":"<!-- This site is optimized with the Yoast SEO plugin v23.0 - https:\/\/yoast.com\/wordpress\/plugins\/seo\/ -->\n<title>Rampe di carico fisse professionali GIERREPRO - Gierre Scale<\/title>\n<meta name=\"robots\" content=\"index, follow, max-snippet:-1, max-image-preview:large, max-video-preview:-1\" \/>\n<link rel=\"canonical\" href=\"https:\/\/www.gierrescale.com\/fr\/prodotti\/rampe-di-carico-fisse-professionali-gierrepro-2-2\/\" \/>\n<meta property=\"og:locale\" content=\"fr_FR\" \/>\n<meta property=\"og:type\" content=\"article\" \/>\n<meta property=\"og:title\" content=\"Rampe di carico fisse professionali GIERREPRO - Gierre Scale\" \/>\n<meta property=\"og:description\" content=\"Rampa di carico fissa GierrePro in alluminio. La struttura \u00e8 in alluminio ad alta resistenza, bugnatura antiscivolo. La testa della rampa ha un foro centrale per dare la possibilit\u00e0 di fissarla al veicolo, la coda della rampa \u00e8 con profilo triangolare per un&#039;idonea inclinazione.\" \/>\n<meta property=\"og:url\" content=\"https:\/\/www.gierrescale.com\/fr\/prodotti\/rampe-di-carico-fisse-professionali-gierrepro-2-2\/\" \/>\n<meta property=\"og:site_name\" content=\"Gierre Scale\" \/>\n<meta property=\"article:modified_time\" content=\"2026-01-26T16:17:45+00:00\" \/>\n<meta property=\"og:image\" content=\"http:\/\/www.gierrescale.com\/wp-content\/uploads\/2025\/04\/prestashop_image_2022.jpg\" \/>\n\t<meta property=\"og:image:width\" content=\"1200\" \/>\n\t<meta property=\"og:image:height\" content=\"797\" \/>\n\t<meta property=\"og:image:type\" content=\"image\/jpeg\" \/>\n<meta name=\"twitter:card\" content=\"summary_large_image\" \/>\n<script type=\"application\/ld+json\" class=\"yoast-schema-graph\">{\"@context\":\"https:\/\/schema.org\",\"@graph\":[{\"@type\":\"WebPage\",\"@id\":\"https:\/\/www.gierrescale.com\/fr\/prodotti\/rampe-di-carico-fisse-professionali-gierrepro-2-2\/\",\"url\":\"https:\/\/www.gierrescale.com\/fr\/prodotti\/rampe-di-carico-fisse-professionali-gierrepro-2-2\/\",\"name\":\"Rampe di carico fisse professionali GIERREPRO - Gierre Scale\",\"isPartOf\":{\"@id\":\"https:\/\/www.gierrescale.com\/fr\/#website\"},\"primaryImageOfPage\":{\"@id\":\"https:\/\/www.gierrescale.com\/fr\/prodotti\/rampe-di-carico-fisse-professionali-gierrepro-2-2\/#primaryimage\"},\"image\":{\"@id\":\"https:\/\/www.gierrescale.com\/fr\/prodotti\/rampe-di-carico-fisse-professionali-gierrepro-2-2\/#primaryimage\"},\"thumbnailUrl\":\"https:\/\/www.gierrescale.com\/wp-content\/uploads\/2025\/04\/prestashop_image_2022.jpg\",\"datePublished\":\"2025-06-16T14:41:55+00:00\",\"dateModified\":\"2026-01-26T16:17:45+00:00\",\"breadcrumb\":{\"@id\":\"https:\/\/www.gierrescale.com\/fr\/prodotti\/rampe-di-carico-fisse-professionali-gierrepro-2-2\/#breadcrumb\"},\"inLanguage\":\"fr-FR\",\"potentialAction\":[{\"@type\":\"ReadAction\",\"target\":[\"https:\/\/www.gierrescale.com\/fr\/prodotti\/rampe-di-carico-fisse-professionali-gierrepro-2-2\/\"]}]},{\"@type\":\"ImageObject\",\"inLanguage\":\"fr-FR\",\"@id\":\"https:\/\/www.gierrescale.com\/fr\/prodotti\/rampe-di-carico-fisse-professionali-gierrepro-2-2\/#primaryimage\",\"url\":\"https:\/\/www.gierrescale.com\/wp-content\/uploads\/2025\/04\/prestashop_image_2022.jpg\",\"contentUrl\":\"https:\/\/www.gierrescale.com\/wp-content\/uploads\/2025\/04\/prestashop_image_2022.jpg\",\"width\":1200,\"height\":797,\"caption\":\"Image 2022 PrestaShop\"},{\"@type\":\"BreadcrumbList\",\"@id\":\"https:\/\/www.gierrescale.com\/fr\/prodotti\/rampe-di-carico-fisse-professionali-gierrepro-2-2\/#breadcrumb\",\"itemListElement\":[{\"@type\":\"ListItem\",\"position\":1,\"name\":\"Home\",\"item\":\"https:\/\/www.gierrescale.com\/fr\/\"},{\"@type\":\"ListItem\",\"position\":2,\"name\":\"Prodotti\",\"item\":\"https:\/\/www.gierrescale.com\/fr\/prodotti\/\"},{\"@type\":\"ListItem\",\"position\":3,\"name\":\"Rampe di carico fisse professionali GIERREPRO\"}]},{\"@type\":\"WebSite\",\"@id\":\"https:\/\/www.gierrescale.com\/fr\/#website\",\"url\":\"https:\/\/www.gierrescale.com\/fr\/\",\"name\":\"Gierre Scale\",\"description\":\"Italiani, produttori e pionieri, dal 1980\",\"potentialAction\":[{\"@type\":\"SearchAction\",\"target\":{\"@type\":\"EntryPoint\",\"urlTemplate\":\"https:\/\/www.gierrescale.com\/fr\/?s={search_term_string}\"},\"query-input\":\"required name=search_term_string\"}],\"inLanguage\":\"fr-FR\"}]}<\/script>\n<!-- \/ Yoast SEO plugin. -->","yoast_head_json":{"title":"Rampe di carico fisse professionali GIERREPRO - Gierre Scale","robots":{"index":"index","follow":"follow","max-snippet":"max-snippet:-1","max-image-preview":"max-image-preview:large","max-video-preview":"max-video-preview:-1"},"canonical":"https:\/\/www.gierrescale.com\/fr\/prodotti\/rampe-di-carico-fisse-professionali-gierrepro-2-2\/","og_locale":"fr_FR","og_type":"article","og_title":"Rampe di carico fisse professionali GIERREPRO - Gierre Scale","og_description":"Rampa di carico fissa GierrePro in alluminio. La struttura \u00e8 in alluminio ad alta resistenza, bugnatura antiscivolo. La testa della rampa ha un foro centrale per dare la possibilit\u00e0 di fissarla al veicolo, la coda della rampa \u00e8 con profilo triangolare per un'idonea inclinazione.","og_url":"https:\/\/www.gierrescale.com\/fr\/prodotti\/rampe-di-carico-fisse-professionali-gierrepro-2-2\/","og_site_name":"Gierre Scale","article_modified_time":"2026-01-26T16:17:45+00:00","og_image":[{"width":1200,"height":797,"url":"http:\/\/www.gierrescale.com\/wp-content\/uploads\/2025\/04\/prestashop_image_2022.jpg","type":"image\/jpeg"}],"twitter_card":"summary_large_image","schema":{"@context":"https:\/\/schema.org","@graph":[{"@type":"WebPage","@id":"https:\/\/www.gierrescale.com\/fr\/prodotti\/rampe-di-carico-fisse-professionali-gierrepro-2-2\/","url":"https:\/\/www.gierrescale.com\/fr\/prodotti\/rampe-di-carico-fisse-professionali-gierrepro-2-2\/","name":"Rampe di carico fisse professionali GIERREPRO - Gierre Scale","isPartOf":{"@id":"https:\/\/www.gierrescale.com\/fr\/#website"},"primaryImageOfPage":{"@id":"https:\/\/www.gierrescale.com\/fr\/prodotti\/rampe-di-carico-fisse-professionali-gierrepro-2-2\/#primaryimage"},"image":{"@id":"https:\/\/www.gierrescale.com\/fr\/prodotti\/rampe-di-carico-fisse-professionali-gierrepro-2-2\/#primaryimage"},"thumbnailUrl":"https:\/\/www.gierrescale.com\/wp-content\/uploads\/2025\/04\/prestashop_image_2022.jpg","datePublished":"2025-06-16T14:41:55+00:00","dateModified":"2026-01-26T16:17:45+00:00","breadcrumb":{"@id":"https:\/\/www.gierrescale.com\/fr\/prodotti\/rampe-di-carico-fisse-professionali-gierrepro-2-2\/#breadcrumb"},"inLanguage":"fr-FR","potentialAction":[{"@type":"ReadAction","target":["https:\/\/www.gierrescale.com\/fr\/prodotti\/rampe-di-carico-fisse-professionali-gierrepro-2-2\/"]}]},{"@type":"ImageObject","inLanguage":"fr-FR","@id":"https:\/\/www.gierrescale.com\/fr\/prodotti\/rampe-di-carico-fisse-professionali-gierrepro-2-2\/#primaryimage","url":"https:\/\/www.gierrescale.com\/wp-content\/uploads\/2025\/04\/prestashop_image_2022.jpg","contentUrl":"https:\/\/www.gierrescale.com\/wp-content\/uploads\/2025\/04\/prestashop_image_2022.jpg","width":1200,"height":797,"caption":"Image 2022 PrestaShop"},{"@type":"BreadcrumbList","@id":"https:\/\/www.gierrescale.com\/fr\/prodotti\/rampe-di-carico-fisse-professionali-gierrepro-2-2\/#breadcrumb","itemListElement":[{"@type":"ListItem","position":1,"name":"Home","item":"https:\/\/www.gierrescale.com\/fr\/"},{"@type":"ListItem","position":2,"name":"Prodotti","item":"https:\/\/www.gierrescale.com\/fr\/prodotti\/"},{"@type":"ListItem","position":3,"name":"Rampe di carico fisse professionali GIERREPRO"}]},{"@type":"WebSite","@id":"https:\/\/www.gierrescale.com\/fr\/#website","url":"https:\/\/www.gierrescale.com\/fr\/","name":"Gierre Scale","description":"Italiani, produttori e pionieri, dal 1980","potentialAction":[{"@type":"SearchAction","target":{"@type":"EntryPoint","urlTemplate":"https:\/\/www.gierrescale.com\/fr\/?s={search_term_string}"},"query-input":"required name=search_term_string"}],"inLanguage":"fr-FR"}]}},"_links":{"self":[{"href":"https:\/\/www.gierrescale.com\/fr\/wp-json\/wp\/v2\/prodotti\/12655","targetHints":{"allow":["GET"]}}],"collection":[{"href":"https:\/\/www.gierrescale.com\/fr\/wp-json\/wp\/v2\/prodotti"}],"about":[{"href":"https:\/\/www.gierrescale.com\/fr\/wp-json\/wp\/v2\/types\/prodotti"}],"wp:featuredmedia":[{"embeddable":true,"href":"https:\/\/www.gierrescale.com\/fr\/wp-json\/wp\/v2\/media\/8061"}],"wp:attachment":[{"href":"https:\/\/www.gierrescale.com\/fr\/wp-json\/wp\/v2\/media?parent=12655"}],"wp:term":[{"taxonomy":"utilizzo","embeddable":true,"href":"https:\/\/www.gierrescale.com\/fr\/wp-json\/wp\/v2\/utilizzo?post=12655"},{"taxonomy":"materiale","embeddable":true,"href":"https:\/\/www.gierrescale.com\/fr\/wp-json\/wp\/v2\/materiale?post=12655"},{"taxonomy":"certificazione","embeddable":true,"href":"https:\/\/www.gierrescale.com\/fr\/wp-json\/wp\/v2\/certificazione?post=12655"},{"taxonomy":"tipo_prodotto","embeddable":true,"href":"https:\/\/www.gierrescale.com\/fr\/wp-json\/wp\/v2\/tipo_prodotto?post=12655"}],"curies":[{"name":"wp","href":"https:\/\/api.w.org\/{rel}","templated":true}]}}

<p>Rampa di carico fissa GierrePro in <strong>alluminio</strong>.</p>
<p>La struttura è in alluminio ad alta resistenza, bugnatura antiscivolo.</p>
<p>La testa della rampa ha un foro centrale per dare la possibilità di fissarla al veicolo, la coda della rampa è con profilo triangolare per un&rsquo;idonea inclinazione.</p>

<!-- This site is optimized with the Yoast SEO plugin v23.0 - https://yoast.com/wordpress/plugins/seo/ -->
<title>Rampe di carico fisse professionali GIERREPRO - Gierre Scale</title>
<meta name="robots" content="index, follow, max-snippet:-1, max-image-preview:large, max-video-preview:-1" />
<link rel="canonical" href="https://www.gierrescale.com/fr/prodotti/rampe-di-carico-fisse-professionali-gierrepro-2-2/" />
<meta property="og:locale" content="fr_FR" />
<meta property="og:type" content="article" />
<meta property="og:title" content="Rampe di carico fisse professionali GIERREPRO - Gierre Scale" />
<meta property="og:description" content="Rampa di carico fissa GierrePro in alluminio. La struttura è in alluminio ad alta resistenza, bugnatura antiscivolo. La testa della rampa ha un foro centrale per dare la possibilità di fissarla al veicolo, la coda della rampa è con profilo triangolare per un&#039;idonea inclinazione." />
<meta property="og:url" content="https://www.gierrescale.com/fr/prodotti/rampe-di-carico-fisse-professionali-gierrepro-2-2/" />
<meta property="og:site_name" content="Gierre Scale" />
<meta property="article:modified_time" content="2026-01-26T16:17:45+00:00" />
<meta property="og:image" content="http://www.gierrescale.com/wp-content/uploads/2025/04/prestashop_image_2022.jpg" />
	<meta property="og:image:width" content="1200" />
	<meta property="og:image:height" content="797" />
	<meta property="og:image:type" content="image/jpeg" />
<meta name="twitter:card" content="summary_large_image" />
<script type="application/ld+json" class="yoast-schema-graph">{"@context":"https://schema.org","@graph":[{"@type":"WebPage","@id":"https://www.gierrescale.com/fr/prodotti/rampe-di-carico-fisse-professionali-gierrepro-2-2/","url":"https://www.gierrescale.com/fr/prodotti/rampe-di-carico-fisse-professionali-gierrepro-2-2/","name":"Rampe di carico fisse professionali GIERREPRO - Gierre Scale","isPartOf":{"@id":"https://www.gierrescale.com/fr/#website"},"primaryImageOfPage":{"@id":"https://www.gierrescale.com/fr/prodotti/rampe-di-carico-fisse-professionali-gierrepro-2-2/#primaryimage"},"image":{"@id":"https://www.gierrescale.com/fr/prodotti/rampe-di-carico-fisse-professionali-gierrepro-2-2/#primaryimage"},"thumbnailUrl":"https://www.gierrescale.com/wp-content/uploads/2025/04/prestashop_image_2022.jpg","datePublished":"2025-06-16T14:41:55+00:00","dateModified":"2026-01-26T16:17:45+00:00","breadcrumb":{"@id":"https://www.gierrescale.com/fr/prodotti/rampe-di-carico-fisse-professionali-gierrepro-2-2/#breadcrumb"},"inLanguage":"fr-FR","potentialAction":[{"@type":"ReadAction","target":["https://www.gierrescale.com/fr/prodotti/rampe-di-carico-fisse-professionali-gierrepro-2-2/"]}]},{"@type":"ImageObject","inLanguage":"fr-FR","@id":"https://www.gierrescale.com/fr/prodotti/rampe-di-carico-fisse-professionali-gierrepro-2-2/#primaryimage","url":"https://www.gierrescale.com/wp-content/uploads/2025/04/prestashop_image_2022.jpg","contentUrl":"https://www.gierrescale.com/wp-content/uploads/2025/04/prestashop_image_2022.jpg","width":1200,"height":797,"caption":"Image 2022 PrestaShop"},{"@type":"BreadcrumbList","@id":"https://www.gierrescale.com/fr/prodotti/rampe-di-carico-fisse-professionali-gierrepro-2-2/#breadcrumb","itemListElement":[{"@type":"ListItem","position":1,"name":"Home","item":"https://www.gierrescale.com/fr/"},{"@type":"ListItem","position":2,"name":"Prodotti","item":"https://www.gierrescale.com/fr/prodotti/"},{"@type":"ListItem","position":3,"name":"Rampe di carico fisse professionali GIERREPRO"}]},{"@type":"WebSite","@id":"https://www.gierrescale.com/fr/#website","url":"https://www.gierrescale.com/fr/","name":"Gierre Scale","description":"Italiani, produttori e pionieri, dal 1980","potentialAction":[{"@type":"SearchAction","target":{"@type":"EntryPoint","urlTemplate":"https://www.gierrescale.com/fr/?s={search_term_string}"},"query-input":"required name=search_term_string"}],"inLanguage":"fr-FR"}]}</script>
<!-- / Yoast SEO plugin. -->

Rampa di carico fissa GierrePro in alluminio. La struttura è in alluminio ad alta resistenza, bugnatura antiscivolo. La testa della rampa ha un foro centrale per dare la possibilità di fissarla al veicolo, la coda della rampa è con profilo triangolare per un'idonea inclinazione.
