{"version":"1.0","provider_name":"Gierre Scale","provider_url":"https:\/\/www.gierrescale.com\/fr\/","author_name":"mazzmedia","author_url":"https:\/\/www.gierrescale.com\/fr\/author\/mazzmedia\/","title":"Rampe di carico fisse professionali GIERREPRO - Gierre Scale","type":"rich","width":600,"height":338,"html":"<blockquote class=\"wp-embedded-content\" data-secret=\"xBME9Eq6Yb\"><a href=\"https:\/\/www.gierrescale.com\/fr\/prodotti\/rampe-di-carico-fisse-professionali-gierrepro-2-2\/\">Rampe di carico fisse professionali GIERREPRO<\/a><\/blockquote><iframe sandbox=\"allow-scripts\" security=\"restricted\" src=\"https:\/\/www.gierrescale.com\/fr\/prodotti\/rampe-di-carico-fisse-professionali-gierrepro-2-2\/embed\/#?secret=xBME9Eq6Yb\" width=\"600\" height=\"338\" title=\"\u00ab\u00a0Rampe di carico fisse professionali GIERREPRO\u00a0\u00bb &#8212; Gierre Scale\" data-secret=\"xBME9Eq6Yb\" frameborder=\"0\" marginwidth=\"0\" marginheight=\"0\" scrolling=\"no\" class=\"wp-embedded-content\"><\/iframe><script>\n\/*! This file is auto-generated *\/\n!function(d,l){\"use strict\";l.querySelector&&d.addEventListener&&\"undefined\"!=typeof URL&&(d.wp=d.wp||{},d.wp.receiveEmbedMessage||(d.wp.receiveEmbedMessage=function(e){var t=e.data;if((t||t.secret||t.message||t.value)&&!\/[^a-zA-Z0-9]\/.test(t.secret)){for(var s,r,n,a=l.querySelectorAll('iframe[data-secret=\"'+t.secret+'\"]'),o=l.querySelectorAll('blockquote[data-secret=\"'+t.secret+'\"]'),c=new RegExp(\"^https?:$\",\"i\"),i=0;i<o.length;i++)o[i].style.display=\"none\";for(i=0;i<a.length;i++)s=a[i],e.source===s.contentWindow&&(s.removeAttribute(\"style\"),\"height\"===t.message?(1e3<(r=parseInt(t.value,10))?r=1e3:~~r<200&&(r=200),s.height=r):\"link\"===t.message&&(r=new URL(s.getAttribute(\"src\")),n=new URL(t.value),c.test(n.protocol))&&n.host===r.host&&l.activeElement===s&&(d.top.location.href=t.value))}},d.addEventListener(\"message\",d.wp.receiveEmbedMessage,!1),l.addEventListener(\"DOMContentLoaded\",function(){for(var e,t,s=l.querySelectorAll(\"iframe.wp-embedded-content\"),r=0;r<s.length;r++)(t=(e=s[r]).getAttribute(\"data-secret\"))||(t=Math.random().toString(36).substring(2,12),e.src+=\"#?secret=\"+t,e.setAttribute(\"data-secret\",t)),e.contentWindow.postMessage({message:\"ready\",secret:t},\"*\")},!1)))}(window,document);\n\/\/# sourceURL=https:\/\/www.gierrescale.com\/wp-includes\/js\/wp-embed.min.js\n<\/script>\n","thumbnail_url":"http:\/\/www.gierrescale.com\/wp-content\/uploads\/2025\/04\/prestashop_image_2022.jpg","thumbnail_width":1200,"thumbnail_height":797,"description":"Rampa di carico fissa GierrePro in alluminio. La struttura \u00e8 in alluminio ad alta resistenza, bugnatura antiscivolo. La testa della rampa ha un foro centrale per dare la possibilit\u00e0 di fissarla al veicolo, la coda della rampa \u00e8 con profilo triangolare per un'idonea inclinazione."}

Rampa di carico fissa GierrePro in alluminio. La struttura è in alluminio ad alta resistenza, bugnatura antiscivolo. La testa della rampa ha un foro centrale per dare la possibilità di fissarla al veicolo, la coda della rampa è con profilo triangolare per un'idonea inclinazione.
